(b) a composite number?
True
Let m(u) = -u**2 - 3*u + 4*u + 4 + 3*u**2. Suppose 13 = -4*h + 1. Is m(h) prime?
True
Suppose 4*x - 768 = 2*z, -2*x + 2*z + 343 = -43. Is x composite?
False
Let w(n) = -n**3 + 22*n**2 - 43. Is w(18) a composite number?
True
Let t(c) be the third derivative of c**5/12 + 11*c**4/24 + 3*c**3/2 - c**2. Let a(d) = -6*d**2 - 12*d - 10. Let q(i) = 4*a(i) + 5*t(i). Is q(6) a prime number?
True
Suppose -4*r - 260 = -0*r. Let i = r + 96. Is i prime?
True
Suppose 2*g = g - 3. Let n be (-560)/g - (-4)/(-6). Is (3/9)/(2/n) prime?
True
Let m(j) = -28*j**2 - j - 1. Let q be m(2). Let f = q + 246. Is f a composite number?
False
Suppose 3786 = 5*q - 2*u, -2*u + 1641 = 5*q - 2153. Is q composite?
True
Suppose -49 = -j + 14. Let b = j - 26. Suppose 2*c - 3*c = -b. Is c composite?
False
Suppose 9*x - 10476 - 3501 = 0. Is x prime?
True
Let d(y) be the second derivative of -y**4/12 + 13*y**3/3 + 5*y**2 - 5*y. Is d(13) a prime number?
True
Is 3035 + 8/(-8) + (-6)/(-2) composite?
False
Let y(r) = -2*r**2 - 5. Let p be y(12). Let c = 544 + p. Is c a prime number?
True
Let o(d) = 21*d**2 - 10*d + 13. Is o(6) a prime number?
True
Let p = -251 - -176. Let b = -44 - p. Is b a prime number?
True
Let c(x) = -3*x - 3. Let n be c(-2). Suppose i = -n*i. Suppose -3*o - 530 = -3*b - 2*b, i = 4*b + 5*o - 387. Is b composite?
False
Let h(q) = 164*q + 2. Is h(1) prime?
False
Suppose -4*l + 318 = -2*l + 5*j, 4*l = -2*j + 636. Is l composite?
True
Suppose -4*r - 5*z = -11, -5*z + 19 = r + 5. Let h(s) be the second derivative of 13*s**4/3 - s**3/3 - s**2/2 - 8*s. Is h(r) prime?
True
Let x be 57/(-133) + (-1770)/(-14). Let p = 184 - x. Is p composite?
True
Suppose -24 = 5*g + 2*k, -3*g - g = 4*k + 12. Let j(a) = 3*a**2 - 7*a - 9. Is j(g) a prime number?
False
Let v = -15 + 25. Is v a composite number?
True
Let d = 199 - -280. Is d prime?
True
Let g = 1058 - 47. Is g a composite number?
True
Let f(t) = -t**3 + 16*t**2 - 19*t + 5. Is f(14) composite?
False
Let f(o) = 7*o**3 - 15*o**2 + 14*o + 23. Is f(10) composite?
True
Suppose -3*h + 7 = t, h + 13 = -3*t + 2. Suppose 5*m - 234 = -p, 5*p = -h*m + 1365 - 90. Is p a prime number?
False
Suppose 0 = -5*b + 5*u + 34 + 1, b - 2*u = 10. Suppose 2*d - 49 = -x, b*d + 167 = 4*x - x. Is x a composite number?
False
Suppose 3*c + c - 3*q = 12, -26 = -c - 5*q. Suppose 1055 = c*j - j. Is j a composite number?
False
Let g(n) = -35*n + 1. Suppose b - 3*b - 12 = 0. Is g(b) composite?
False
Let q be -1*(-76 - -4) - 4. Let m(g) = -g**2 + g - 35. Let h be m(0). Let w = q + h. Is w a composite number?
True
Suppose i = 3*i + 52. Let x = 68 + i. Suppose 63 = 3*m + z, -m + 3*m = 2*z + x. Is m a prime number?
False
Suppose -8229 = -3*t + 4*o, 6*o + 5486 = 2*t + 2*o. Is t a composite number?
True
Let n(a) be the second derivative of a**5/20 - 7*a**4/12 + 2*a**3/3 + 9*a**2/2 - 3*a. Is n(7) composite?
False
Suppose 2*j + 3*f - 203 = j, -2*f + 812 = 4*j. Is j a prime number?
False
Let j(k) be the third derivative of -k**5/60 + 19*k**4/24 - 11*k**3/6 + 2*k**2. Let f = -3 - -11. Is j(f) prime?
False
Suppose 3*u - 8*u = 0. Let h be u/5 + (-54)/(-2). Let v = -4 + h. Is v composite?
False
Let k(x) = 10*x**2 - 8*x + 7. Is k(8) a composite number?
True
Let v(w) = 11*w**2 + 3*w - 393. Let r(g) = -4*g**2 - g + 131. Let c(y) = -8*r(y) - 3*v(y). Is c(0) a composite number?
False
Let t = 761 - 102. Is t prime?
True
Let z(g) be the third derivative of -g**6/40 - g**5/12 + g**4/24 + 5*g**3/6 - g**2. Is z(-4) a composite number?
False
Suppose m - 5 = -2*v + 6*m, 0 = 5*v - m - 1. Suppose -5*j + 5*y + 245 = -v*j, -y + 227 = 5*j. Is j a composite number?
True
Let l(s) = s**3 - 9*s**2 + 3*s. Let q be l(6). Let i = q - -129. Is i prime?
False
Let f(d) = 63*d + 6. Let g be f(3). Let n = 406 - g. Is n composite?
False
Suppose 3*q = 554 + 325. Is q a prime number?
True
Let l(n) = -n**3 + 7*n**2 + 2*n - 8. Let f be l(6). Suppose -g + f = -18. Suppose 3*h = -1 + g. Is h composite?
False
Is (0 + (-10)/3)*130347/(-42) composite?
True
Let m(u) = -1333*u + 53. Is m(-8) prime?
False
Let f = 10 + -2. Let g = f + -7. Is (g/(-3))/((-1)/159) prime?
True
Suppose -2*m + 113 = -m. Is m composite?
False
Let t = 239 - 36. Is t a composite number?
True
Let n(t) = t + 19. Let b(h) = -h**2 - 4*h - 5. Let c be b(-4). Let f = 5 + c. Is n(f) a composite number?
False
Let f(a) = -2*a - 4. Let s be f(-4). Suppose l = -s*l + 35. Is l a prime number?
True
Let r(o) = -2*o**3 - o - 1. Let b be r(-1). Suppose b*t - 251 = t. Is t a composite number?
False
Let i(z) = -269*z + 26. Is i(-9) a composite number?
False
Let t(r) = 4*r**2 - r + 1. Let q be t(1). Suppose -q*h = -h - 804. Let b = h + -77. Is b a prime number?
True
Let r(t) = 2*t**2 + 2*t. Let l be r(-2). Let j be (2/(-6))/(l/(-36)). Suppose 5*y - 74 = j*y. Is y prime?
True
Is (-3 + 87/(-9))*234/(-12) a prime number?
False
Suppose -4 = -b, b = -2*x + 82 + 180. Is x a prime number?
False
Let c(g) = 8*g**2 + 2*g - 1. Let v(k) = k**3 + 5*k**2 - 2*k - 5. Let h be v(-5). Is c(h) a prime number?
False
Suppose -5*x - 25 = -0*x. Let u = x - -5. Suppose j - 21 - 10 = u. Is j prime?
True
Suppose 333 = n - x, -3*n + 4*x - 17 = -1020. Is (0 - -1)*(2 + n) prime?
True
Let w(a) = a + 7. Let n be w(-5). Let l(h) = h + 2. Let k be l(-6). Is (354/k)/(-3)*n composite?
False
Let a(j) = 119*j**2 + j - 1. Let p(l) = l. Let h be p(2). Let u = -1 + h. Is a(u) composite?
True
Let r = -215 - -904. Is r a prime number?
False
Let p(z) = -3 - 11*z - z**2 - 1 - 10*z**2. Let i(b) = 6*b**2 + 6*b + 2. Let a(q) = -7*i(q) - 4*p(q). Is a(-4) composite?
True
Let n = 201 - 35. Let x(o) = 72*o + 2. Let k be x(6). Suppose -n = 4*b - k. Is b composite?
False
Suppose 4 = -b + 5. Is -62*b/(0 - 2) composite?
False
Let f(p) = -7*p**2 - 1. Let v be f(-1). Is (-44)/(-6)*(-12)/v prime?
True
Suppose 5*y - 355 - 75 = 0. Let f = 18 + -70. Let o = f + y. Is o a composite number?
True
Let y(i) = -i**2 + 7*i - 2. Let m be y(6). Is m/18 + 1324/36 a prime number?
True
Let y = -19 + 25. Is (y - (-3 - -3))/1 a prime number?
False
Let k(m) = m**3 - m**2 - m - 1. Let s(o) = -3*o**3 + 8*o**2 - 4*o - 5. Let q(r) = 5*k(r) + s(r). Let b be q(9). Is 1/3 + b/21 a prime number?
False
Suppose 2*h + 4*b + 1 + 3 = 0, -4*b = 3*h + 2. Suppose -7*c + h*c + 35 = 0. Is c prime?
True
Let x = 982 - 493. Is x a prime number?
False
Suppose 0 = 6*b - 448 - 2138. Is b composite?
False
Let t(g) = -16*g - 1. Let v = 4 - 9. Is t(v) prime?
True
Suppose -5*q - 942 = -8*q. Is q composite?
True
Let o = 2 - 6. Let y(i) = -22*i + 3. Is y(o) composite?
True
Let n(r) = 214*r - 19. Is n(11) composite?
True
Suppose 2*m + 5*b - 26 = 0, -3*m - 6 = -4*b + 1. Suppose -4*n - 3*f - 16 = 0, -n - m*f + 0*f - 13 = 0. Is 14*n*1/(-2) a prime number?
True
Let m(n) = 2*n**3 - 3*n**2 - 17*n + 9. Let f(p) = p**3 - p**2 - 9*p + 5. Let h(l) = -5*f(l) + 3*m(l). Is h(6) a composite number?
True
Let t = 35 + 9. Is 1333/11 + (-8)/t prime?
False
Suppose -2*u + 10 = -8. Is u prime?
False
Let o(s) = -38*s**3 - 2*s**2 - s. Is o(-1) a prime number?
True
Let b be (5/2)/((-2)/4). Let w be 14/(-6)*(b - -2). Is w/(9/6 - 1) composite?
True
Suppose 2*y - 9*y = -1162. Is y prime?
False
Let s(w) = 854*w + 87. Is s(16) composite?
False
Let d(c) be the second derivative of -c**7/840 - c**6/180 + c**5/15 + c**4/6 + c**3/3 + 2*c. Let q(u) be the second derivative of d(u). Is q(-5) a prime number?
False
Let f(z) = 5*z**2 - 16*z + 9. Is f(-12) composite?
True
Suppose -3*o - 200 - 199 = 0. Let g = o - -57. Is (g/16)/((-2)/8) composite?
False
Is (-698)/(-6) + -2 + (-6)/(-9) prime?
False
Let r be (-1379)/(-9) - (-8)/(-36). Suppose 3*q - 4*v = r, 3*v = -q + 11 + 53. Is q a composite number?
True
Suppose f - 2*k - 3 = -2, 0 = -3*k - 3. Is (f + -96)*4/(-4) prime?
True
Suppose 3*h - 4 = -1. Let v be 0/(-2)*h/(-1). Suppose v = -4*u - 8, 5*i - i - 64 = 4*u. Is i composite?
True
Suppose -5*o + 473 + 57 = 0. Is o a composite number?
True
Let v(u) = 527*u**2 + u. Let n be v(-1). Suppose -4*p - 3*i + n = 0, -p + 85 + 38 = 5*i. Is p a composite number?
True
Let f(l) be the first derivative of -11*l**6/120 - l**5/15 - l**4/8 - l**3/6 - l**2 - 1. Let s(w) be the second derivative of f(w). Is s(-2) composite?
True
Let l(r) = r**2 + 5*r - 5. Let k(a) = 2*a**2 + 10*a - 11. Let v